+ 31*q - 22. Let v be w(-10). Let u = v + o. What is the units digit of u?
6
Let t(w) = 4*w + 12. Let s be t(-3). Let r be -1 + (-18)/(-3) - s. What is the tens digit of ((-73)/r + 3)*-5?
5
Suppose n = -332 - 9. Let z = -177 - n. What is the units digit of z?
4
Let z = -2849 - -7601. What is the hundreds digit of z?
7
Let s(o) = 0*o - 13*o - 22 + o. Let k be s(-14). Let c = k - 34. What is the tens digit of c?
1
Let k be 1/((14/18)/7). Suppose -2*m - 3*v = -16, 0 = 4*m + 5*v - 39 + k. Suppose 0*j - 515 = -m*j. What is the hundreds digit of j?
1
What is the units digit of (-36)/(-4)*2646*(3/(-2) + 2)?
7
Let z = 2225 - 1504. Suppose p + 3*l - z = 0, 2*p - 7*p = 5*l - 3585. What is the hundreds digit of p?
7
Suppose 9*q + z = 235655, -q = 22*z - 17*z - 26223. What is the tens digit of q?
8
Let n(v) = 8*v - 5. Let i be n(3). Let r(w) = i*w**3 - 2*w**2 - 3 + 4 + 3*w**3 + 18*w**3. What is the tens digit of r(1)?
3
Suppose 0 = 21*s - 249520 - 41624. What is the tens digit of s?
6
Let d(z) = -z**2 + 23*z - 19. Let r be d(22). Suppose r*j + n + 0*n = 773, -n - 763 = -3*j. What is the tens digit of j?
5
Let s(g) = 3*g**3 - 8*g**2 + 3*g - 8. Suppose 0*m = m + 2*o - 4, 2*m + 3*o - 9 = 0. Let d be s(m). Suppose 8*k - 3*k = d. What is the tens digit of k?
7
Suppose -3*z + 3555 = 3*k - 8505, 0 = 3*k - 5*z - 12060. What is the thousands digit of k?
4
What is the tens digit of 67227 - 8 - (8 - -9)?
0
Suppose 0*v - 3*v - 103730 = -13*v. What is the thousands digit of v?
0
Suppose -221*w = -220*w - 4. What is the hundreds digit of ((-60)/36)/(w/(-6))*92?
2
Suppose 6279 + 1131 = 13*f. Suppose -3*r + f = -78. Suppose -5*x + 5*c = c - 1056, -x - 4*c = -r. What is the hundreds digit of x?
2
Let n = 2975 + 236. What is the thousands digit of n?
3
Let w(n) = 2*n**3 - 3*n**2 - 21*n + 30. What is the hundreds digit of w(14)?
6
Suppose 458*y - 31274491 = -9154007. What is the thousands digit of y?
8
Suppose -15*r - 726840 = -41*r + 6*r. What is the ten thousands digit of r?
3
What is the thousands digit of 166446/16 - (2/(-7) + 279/1736)?
0
Let a(m) = m**3 + 99*m**2 - 448*m - 280. What is the ten thousands digit of a(-102)?
1
What is the hundreds digit of (-4)/48*-4*(-13 + 15922)?
3
Let h = -3 - 0. What is the units digit of ((-30)/240)/(h/9816)?
9
Suppose -r - 692 = -l + 4198, 0 = 3*l - 2*r - 14671. What is the tens digit of l?
9
What is the tens digit of (-72)/(-48)*(-53864)/(-12)?
3
Let x be 604/30 - (-80)/(-600). Suppose -x*q - 38955 = -55*q. What is the hundreds digit of q?
1
Let t(a) = -12*a - 443. Let i(q) = 119*q + 4431. Let v(s) = 5*i(s) + 49*t(s). What is the tens digit of v(-32)?
2
Let k(w) = -w**3 + 5*w**2 + 17*w - 13. Let h be k(7). Suppose -3*c - 3*z = -438, 0 = 5*c - h*c + z + 450. What is the hundreds digit of c?
1
Let l(b) = 2*b**3 + 63*b**2 - 57*b**2 - 3*b**3 - 4 + b. Let u be l(6). Suppose -4*h = -u*k + 144, 16 = -4*h - 0*h. What is the units digit of k?
4
Let s(l) = 2*l + 2. Let a be s(-1). Suppose 2*b + 3*b + 30 = a. What is the units digit of (b - -6) + 3/3?
1
Suppose 4*b + 2*j = 6*j - 4, 1 = 5*b + j. Suppose -5*k + 464 + 311 = b. What is the hundreds digit of k?
1
Suppose -3*d + 289 = 4*f + 46, 2*d = -6. Suppose 0 = -4*t + 25 + f. What is the tens digit of t?
2
Suppose 19*c - 15*c = 4. Let z = c - 23. Let f = 36 + z. What is the units digit of f?
4
Let u = -78489 - -162922. What is the thousands digit of u?
4
Suppose -c = -3*c + 4*m - 8, 0 = 2*m + 4. Let i be 11/c + (84/(-32))/(-7). Let w(f) = -160*f**3 - 2*f**2 + 3*f + 3. What is the hundreds digit of w(i)?
1
Suppose 0 = -735*y + 732*y - 18, 2*r = 2*y + 19658. What is the units digit of r?
3
Let p(t) = -7*t + 9. Let o be p(-4). Let f = -35 + o. Suppose -5*s + f*a + 47 = -a, s - 2*a - 8 = 0. What is the tens digit of s?
1
Let i = -414 - -419. Suppose 8 = -3*c + i*c, z - 4*c - 602 = 0. What is the hundreds digit of z?
6
Suppose m - 19*o + 23*o = 340, -2*m + 650 = -2*o. What is the units digit of m?
8
Let f(j) = -27*j + 15. Let a be f(-5). What is the tens digit of (240/a)/(2/65)?
5
What is the units digit of (-179)/2*(-30)/(-45)*-120?
0
Let x(g) = 1819*g - 4379. What is the hundreds digit of x(17)?
5
Suppose 283*w + 232524 = 310*w. What is the units digit of w?
2
Suppose 0 = 2*d + 9*d - 334400 + 75955. What is the hundreds digit of d?
4
Suppose -28*c + 36*c = 288. Suppose 0 = c*h - 40*h + 464. What is the units digit of h?
6
What is the hundreds digit of 92/(3 - 6 - ((-20295)/612)/11)?
2
Suppose 9703 = 5*c - 2*h, 3*c - 12*h = -8*h + 5819. What is the thousands digit of c?
1
Let k = 36 + -29. Suppose -k*h + 6*h = -1881. Suppose h = 3*v + 6*v. What is the hundreds digit of v?
2
Let y(t) be the second derivative of t**3 - 28*t**2 - 2*t + 6. What is the units digit of y(15)?
4
Suppose 52430 = -4*c + 171550 + 144928. What is the units digit of c?
2
Suppose -89*y + 475516 = -869808. What is the ten thousands digit of y?
1
Suppose -3*g = 4*j + 6 + 1, 0 = 5*g + 25. Let o be 21/3 - (4 - j). Suppose -o*u = -2*u - 333. What is the tens digit of u?
1
Let c be 504/(-54)*(-15)/35. Let z = -2 - -22. Suppose 5*t + 2*m = 72, 5*t - 44 = -c*m + z. What is the tens digit of t?
1
Let v(h) = -h**2 + 9*h - 20. Let l be v(5). Suppose 2*w - 4*o = 3*w - 103, l = -3*o + 9. Let k = w + 1. What is the units digit of k?
2
Let u = 55 + -59. What is the hundreds digit of (u*(-4)/24)/(1/762)?
5
Suppose -4*s - 122 = 766. Let c = 804 + s. What is the hundreds digit of c?
5
Let y = -82020 - -151213. What is the units digit of y?
3
Suppose -3*n + 5*a + 35 = 0, 5 = a + 9. What is the hundreds digit of n + (-7 - -972) + -2?
9
What is the hundreds digit of (357/1666)/(1/153286)?
8
Suppose -98*u + 66559 + 43741 = -78*u. What is the units digit of u?
5
Suppose 35294 = 7*a - 3318. Suppose -18*f + a = 998. What is the hundreds digit of f?
2
Suppose 0*u + 9*u = -990. Let v = 33 + u. What is the tens digit of (v/(-28))/(1/(-96)*-3)?
8
Let p = 3957 + 3571. What is the hundreds digit of p?
5
Let j(n) = 2*n**3 + 64*n**2 + 2*n + 55. Let o be j(-32). What is the hundreds digit of (-3 - o)/((-4)/(-304))?
4
Let m = -31359 + 70543. What is the tens digit of m?
8
Let d(x) be the second derivative of -x**4/12 - 11*x**3/6 + 16*x**2 - 10*x - 1. What is the units digit of d(-7)?
0
Let n(b) = -200*b - 48. Let l be n(8). What is the units digit of 10/(-5) - l/(6 + -2)?
0
Let z = 431 + -228. Let t = 390 - z. What is the hundreds digit of t?
1
Let l be (-3 - 202)*(-3 + 11/5). Let x be (0 - -2) + 3*l/(-6). Let k = x + 214. What is the units digit of k?
4
Let r(m) = -1049*m**3 - 3*m**2 - 9*m - 2. What is the hundreds digit of r(-2)?
3
Let d = -12588 - -29666. What is the ten thousands digit of d?
1
What is the units digit of (-282636)/(5 - 11) + (7 + -5 - -5)?
3
Let f(p) = 19*p**2 - 16*p + 9. Let c(t) = -17*t**2 + 15*t - 8. Let s(l) = -7*c(l) - 6*f(l). What is the units digit of s(7)?
4
What is the thousands digit of ((-53295)/(-25) - 72/40)*38/6?
3
Suppose -13*o + 34 = -18. Suppose 30 = h - 5*j, -o*h + 44 + 30 = 3*j. What is the units digit of h?
0
Let f be (-144)/(-45) + (-2)/10. Suppose f*o + 3*z - 591 = 0, -5*z = 5*o - o - 790. Let i = -113 + o. What is the units digit of i?
2
Let p be ((-1)/1 - 1) + 1. Let g(r) = -2*r**2 + 98*r - 92. Let a be g(48). What is the units digit of (-5*(-27)/(-12))/(p/a)?
5
What is the tens digit of (8 - 16)*(-160000)/40?
0
Suppose 3574 = j + 906. Suppose -14*a + j = -1756. What is the tens digit of a?
1
Suppose -5*u + 80 = 4*k, u + 2*u + 3*k - 48 = 0. Suppose -2*h = -24 + u. Suppose 3*f - 243 = -4*s, 3*s = h*s - 5*f - 78. What is the units digit of s?
3
Let o = -99 - -109. Suppose 200 + 20 = o*g. What is the tens digit of g?
2
Let m(u) = 2*u - 4. Let s(l) = -l**2 + 12*l - 3. Let i be s(11). Let d be m(i). Let w = 19 + d. What is the units digit of w?
1
Let n be -168 - ((-1)/(-3) - (-8)/3). Let u be (-2)/9 - 5510/n. Let s = 4 + u. What is the tens digit of s?
3
Let j(o) = 3*o**2 + 6*o - 5. Let l be (-11)/(-6) + -2 - 62/(-12). What is the units digit of j(l)?
0
Let p(h) be the third derivative of -h**6/120 + h**5/60 + h**4/6 - h**3/3 + 8*h**2. Let n be p(5). Let f = 0 - n. What is the units digit of f?
2
Let s = 1828 - -13280. What is the tens digit of s?
0
Suppose x - 2*f = 204 + 3986, -3*f + 4195 = x. What is the hundreds di